Let h(x) = 16*x**2 - 4*x + 6. Let c(p) = -p**2 - 8*p - 10. Let i be c(-7). List the prime factors of h(i).
2, 3
Let x(l) = l**3 - 3*l**2 - 4*l - 5. Let z be x(6). Let g = 14 - 10. Suppose -g*j - 5*a + z = 0, 2*a = 4*j - 11 - 75. What are the prime factors of j?
3, 7
Let a be 2/3 + 619/3 + 4. Suppose -142 + a = n. What are the prime factors of n?
3, 23
Let s(q) = -q**3 - 14*q**2 - 13*q + 2. Let n be s(-13). Suppose 0 = -t + 2*k + 25, t - n*k + k - 26 = 0. Suppose w = -2*w + t. List the prime factors of w.
3
Let h be 8/6*(-2 - 5/(-1)). List the prime factors of (14 - h)*6/10.
2, 3
Let f be (6/(-10))/((-2)/10). Suppose 40 = f*c + c. Let n = 13 - c. What are the prime factors of n?
3
Let w = -2000 - -3201. List the prime factors of w.
1201
Let p = -244 - -269. What are the prime factors of p?
5
Suppose -3*q - 2*a = -9 - 10, -3*q + a + 13 = 0. Suppose 2*s - 2*h + 0*h = 662, 5*s = -q*h + 1625. What are the prime factors of s?
2, 41
Suppose 0 = 7*t - 26 + 5. Suppose -t*c - 63 + 408 = 0. List the prime factors of c.
5, 23
Suppose 10 = 5*h - 5. Let v(q) = 3*q - q**2 + h + 2*q + 5*q - q. List the prime factors of v(4).
23
Let v be 4*69 + 16/4. Suppose -33*h = -28*h - v. List the prime factors of h.
2, 7
Let k(d) = 49*d. Let l be k(3). Suppose 4*y - 105 = l. List the prime factors of y.
3, 7
Suppose 3*p + 0*c = 2*c - 2, 4*c = p - 16. Let g(t) be the first derivative of -9*t**2/2 - 6*t + 24. What are the prime factors of g(p)?
2, 3, 5
Let i be 6/(-9) - (-14)/3. Suppose 2*y = 3*y - i*k - 165, -5*y + 725 = 5*k. What are the prime factors of y?
149
Let k(p) = 6*p**2 - 11*p - 16. What are the prime factors of k(9)?
7, 53
What are the prime factors of -2*(-151)/(-2)*(2 + -3)?
151
Suppose 3 + 12 = 3*p. Suppose -1 = -3*g + p, 2*g - 319 = -3*q. What are the prime factors of q?
3, 5, 7
Let b(t) = -t**2 - 27*t + 12. Let q = 15 + -29. List the prime factors of b(q).
2, 97
Let h(a) be the first derivative of a**4/4 - 13*a**3/3 + 8*a - 75. Let m = -7 + 20. What are the prime factors of h(m)?
2
Let o(v) = v**3 + 13*v**2 - 19*v - 22. Let k be o(-14). Suppose 519 = 7*f - k. What are the prime factors of f?
3
List the prime factors of (756/(-35))/(-9)*15030/27.
2, 167
Suppose 5*y = -7*d + 5*d + 3407, -5*y + 4*d + 3401 = 0. What are the prime factors of y?
3, 227
Let h be 54/(1/(-2)*-2). Let k = -102 + 69. Let s = k + h. What are the prime factors of s?
3, 7
Suppose -s + 16 - 3 = -3*k, 5*k + 35 = -s. Let b = -2 - k. Suppose 4*u = -2*w, u - b*w - 22 = -2*u. What are the prime factors of u?
2
Let d(p) = p**3 + 5*p**2 - 8*p - 17. Let f be d(-6). Let i(x) = -2*x - 3 - 5*x + 0. List the prime factors of i(f).
2
Suppose -4*v - g = -4134, -3*v - 30*g = -27*g - 3105. List the prime factors of v.
1033
Suppose -i - 32 = -3*i + 2*v, -4*i + 5*v = -67. Let g = 36 - i. Suppose -12*o + 11*o = -g. List the prime factors of o.
23
Suppose 5*i + 112 + 86 = 2*y, -2*y - 3*i = -182. Suppose -d - y = -3*p, -p + 74 = 2*p - 5*d. List the prime factors of p.
3, 11
List the prime factors of (-1)/((-5)/180) + 6.
2, 3, 7
Let i(z) = -2*z**3 - 29*z**2 + z - 13. What are the prime factors of i(-15)?
197
Suppose 0 = 3*x + 15, -2*i + 2*x + 10166 = 3046. What are the prime factors of i?
3, 5, 79
Suppose 3*w - 14 = -4*a, -a - 4*w + 14 = 2*a. Suppose -200 = -7*q + a*q. Let k = q + -18. List the prime factors of k.
2, 11
Let r = 7 + -18. Let g be (2 - 1) + (10 - r). What are the prime factors of (g/3)/(10/15)?
11
Suppose 13*u + 35*u - 31440 = 0. What are the prime factors of u?
5, 131
Suppose 2*d + 5*a - 16 = a, -4*d + 3*a - 12 = 0. Suppose d = 2*x + 4 - 16. What are the prime factors of x?
2, 3
Let g = 202 + 21. What are the prime factors of g?
223
Let d(z) = z**2 + 5*z + 4. Let n be d(-4). Suppose 0 = -3*q + 3, 0 = -4*v + 3*q + 17. Suppose 2*w - v*w + 72 = n. What are the prime factors of w?
2, 3
Let m(f) = -21*f + 3. Let a be m(1). What are the prime factors of 24/9 - 2 - 1122/a?
3, 7
Suppose -739 = 2*j - 2039. List the prime factors of j.
2, 5, 13
Suppose 646 + 3130 = 4*u. What are the prime factors of u?
2, 59
Let r(q) = -29*q**2 - 7. Let k(g) = -15*g**2 - 4. Let j(t) = 7*k(t) - 4*r(t). What are the prime factors of j(-2)?
2, 11
Let s(o) = -2*o**3 - 68*o**2 - 22*o + 112. What are the prime factors of s(-34)?
2, 5, 43
Let u be 11 + (-2)/(-8) + (-13)/4. List the prime factors of ((-2)/u*2)/((-3)/42).
7
Let t(j) = 4*j**2 + j - 1. Let o be 64/(-36) + 6/(-27). What are the prime factors of t(o)?
13
Let y(x) = 2*x**2 - 14*x + 38. Let j = -140 + 152. What are the prime factors of y(j)?
2, 79
Let y = -30 + 21. Let p(h) = -7*h - 17. What are the prime factors of p(y)?
2, 23
Let o(w) = 7*w + 1. Let f be o(1). Suppose 2*n = z + z - f, 3*n - 16 = -4*z. Suppose -x - 95 = -6*x - 2*g, -x + z*g - 3 = 0. What are the prime factors of x?
17
Let z be (-1)/3 + 8/24. Suppose -c + 45 + 21 = z. List the prime factors of c.
2, 3, 11
Let k(m) = 2*m**3 - 7*m**2 + 4*m + 5. Suppose 0 = -c + 2*n + 12, c + 5*n + 4 = 3*n. What are the prime factors of k(c)?
37
Let z(l) = 2*l - 4. Let f be z(4). Suppose -3*v + 28 = 5*g - 1, g + 3*v = 1. Suppose -g = f*u - 79. What are the prime factors of u?
2, 3
Suppose -674*o = -678*o + 2712. List the prime factors of o.
2, 3, 113
Let i(a) = 6*a**2 - a - 4. Let c be i(-2). Suppose c*n = 27*n - 240. List the prime factors of n.
2, 3
Let h(k) = k**3 + 7*k**2 + 5*k + 3. Let s be h(-7). Let f be 1/(-1) - -2 - s. Suppose -5*t = f - 128. What are the prime factors of t?
19
Let w(g) = 49*g - 9. Let h be w(5). Suppose 0 = 3*r + 3, -h = -5*q - 0*r + r. What are the prime factors of q?
47
Let v = 28 - 27. What are the prime factors of 270/54*25*(v + 0)?
5
Let z(s) = -14*s - 37. Let n be z(-3). Let v(o) = o + o**2 + 2*o**2 - 2*o**2 - 2. List the prime factors of v(n).
2, 7
Suppose 0 = -2*h + 2*k - 6 + 16, 5*h - k = 17. Suppose 5*y + 1036 = 4*z, 0 = -h*z + 3*y - 7*y + 777. What are the prime factors of z?
7, 37
Suppose 0*b + 4*b = 0. Suppose b = -0*c - c + 5. Suppose c*u + 2*j - 137 = -0*u, j = 1. What are the prime factors of u?
3
Let i = 121 - -210. What are the prime factors of i?
331
Let q = -872 + 3532. What are the prime factors of q?
2, 5, 7, 19
Suppose 5*i + 7 = -18. Let z(o) = -10*o - 4. Let j be z(i). Let q = j + -28. List the prime factors of q.
2, 3
Suppose 3*w + 5*d = -359, -w - 5*d - 113 = -0*d. Let z = w - -248. What are the prime factors of z?
5
Let t(s) = -s**3 + 44*s**2 - 16*s + 123. What are the prime factors of t(43)?
2, 3, 107
Let o = 4 - 26. Let a be 192296/(-195) - 4/(-30). What are the prime factors of a/o - (-12)/66?
3, 5
Let n(s) = 29*s**2 + s + 5. Let j(i) = 1. Let c(h) = 4*j(h) - n(h). Let t(v) = -58*v**2 - 2*v - 2. Let x(u) = 7*c(u) - 4*t(u). List the prime factors of x(-1).
29
Let g(d) = 19*d**2 - 2*d - 2. Let b be g(2). Suppose 0 = -3*u + b + 32. List the prime factors of u.
2, 17
Let b = 2 + 0. Let s = -176 + 192. Suppose 5*f - f = -b*m + 82, f = -2*m + s. What are the prime factors of f?
2, 11
Suppose 0 = 3*l + 225 - 57. Let t = 50 - l. What are the prime factors of t?
2, 53
Let k(i) = i**2 + i - 11. Let n be k(-4). Suppose m - n = 0, -5*m - 163 = -2*c - 2*c. What are the prime factors of c?
2, 3, 7
Let k = 18 + -15. Suppose 0*g = -g + a, 4*g - 3 = k*a. Suppose g*m - 2*m + 21 = -5*t, -31 = -4*m + 3*t. List the prime factors of m.
2
Let b(j) = 6*j + 5*j - 3*j - 3*j + 2. What are the prime factors of b(1)?
7
Let h(n) = -n**3 - 2*n**2 - n + 4. Let w be h(0). Suppose 2*i = w*i + 108. Let x = i + 89. What are the prime factors of x?
5, 7
Let v = 726 + -221. Suppose -5*l - t - 14 = 0, -l + 2*t + 0 = 5. What are the prime factors of v/10 + l/6?
2, 5
Suppose -g + 4*m + 2554 = 0, 16 = 3*m + 4. What are the prime factors of g?
2, 5, 257
Let k = 62 - -1708. What are the prime factors of k?
2, 3, 5, 59
Let r = -51 + 68. Suppose r + 51 = o. List the prime factors of o.
2, 17
Let a = -768 + 1508. List the prime factors of a.
2, 5, 37
Suppose 5*y + 171 = 21. Let v be (0 - 3)/6*y. Let d = 36 - v. What are the prime factors of d?
3, 7
Let l(d) = d + 27. Let o be l(-20). What are the prime factors of (38*2)/(-6*o/(-42))?
2, 19
Let s(d) = -d**2 - d - 2. Let q be s(0). Let a be -2 + 1 + q + 8. Let i(t) = 6*t - 1. What are the prime factors of i(a)?
29
Suppose -2*x = 5 + 5. Let i = x - -9. Suppos